{"id":750,"date":"2024-03-01T11:47:50","date_gmt":"2024-03-01T10:47:50","guid":{"rendered":"https:\/\/members-onlinemodule.sonoboomer.de\/wordpress\/membership-join\/"},"modified":"2025-04-21T12:33:23","modified_gmt":"2025-04-21T10:33:23","slug":"membership-join","status":"publish","type":"page","link":"https:\/\/members-onlinemodule.sonoboomer.de\/wordpress\/membership-join\/","title":{"rendered":"Join Us"},"content":{"rendered":"<section class=\"bde-section-750-100 bde-section\" data-bde-lazy-bg=\"waiting\">\n  \n        \n    \n\t\n\n\n\n<div class=\"section-container\"><h2 class=\"bde-heading-750-101 bde-heading\">\nWerden Sie Mitglied!\n<\/h2><div class=\"bde-text-750-102 bde-text\">\nRegistrieren Sie sich f\u00fcr die kostenfreien Online Module. <br>Jedes Modul steht Ihnen als Tutorial und als Pr\u00e4sentation zur Verf\u00fcgung. Im Tutorial werden alle Inhalte als Video erkl\u00e4rt, so k\u00f6nnen Sie die Kurse vor- und nachbereiten.<br>Die Inhalte der Pr\u00e4sentationen k\u00f6nnen Sie direkt ansteuern, wenn Sie z.B. w\u00e4hrend Ihrer Ultraschallt\u00e4tigkeit schnell etwas nachschauen m\u00fcssen oder Sie f\u00fcr Ihren Befund eine wichtige Klassifikation anwenden wollen. \n<\/div><div class=\"bde-button-750-103 bde-button\">\n        \n    \n    \n    \n    \n            \n                    \n            \n            \n\n    \n    \n    \n    \n    \n    <a class=\"breakdance-link button-atom button-atom--custom bde-button__button\" href=\"https:\/\/members-onlinemodule.sonoboomer.de\/wordpress\/membership-join\/membership-registration\/\" target=\"_self\" data-type=\"url\"  >\n\n    \n        <span class=\"button-atom__text\">Hier registrieren<\/span>\n\n        \n        \n                <\/a>\n\n    \n\n\n<\/div><\/div>\n<\/section>","protected":false},"excerpt":{"rendered":"<p>Werden Sie Mitglied! Registrieren Sie sich f\u00fcr die kostenfreien Online Module. Jedes Modul steht Ihnen als Tutorial und als Pr\u00e4sentation zur Verf\u00fcgung. Im Tutorial werden alle Inhalte als Video erkl\u00e4rt, so k\u00f6nnen Sie die Kurse vor- und nachbereiten.Die Inhalte der Pr\u00e4sentationen k\u00f6nnen Sie direkt ansteuern, wenn Sie z.B. w\u00e4hrend Ihrer Ultraschallt\u00e4tigkeit schnell etwas nachschauen m\u00fcssen [&hellip;]<\/p>\n","protected":false},"author":1,"featured_media":0,"parent":0,"menu_order":17,"comment_status":"closed","ping_status":"closed","template":"","meta":{"_breakdance_hide_in_design_set":false,"_breakdance_tags":"","footnotes":""},"class_list":["post-750","page","type-page","status-publish","hentry"],"ase":null,"_links":{"self":[{"href":"https:\/\/members-onlinemodule.sonoboomer.de\/wordpress\/wp-json\/wp\/v2\/pages\/750","targetHints":{"allow":["GET"]}}],"collection":[{"href":"https:\/\/members-onlinemodule.sonoboomer.de\/wordpress\/wp-json\/wp\/v2\/pages"}],"about":[{"href":"https:\/\/members-onlinemodule.sonoboomer.de\/wordpress\/wp-json\/wp\/v2\/types\/page"}],"author":[{"embeddable":true,"href":"https:\/\/members-onlinemodule.sonoboomer.de\/wordpress\/wp-json\/wp\/v2\/users\/1"}],"replies":[{"embeddable":true,"href":"https:\/\/members-onlinemodule.sonoboomer.de\/wordpress\/wp-json\/wp\/v2\/comments?post=750"}],"version-history":[{"count":29,"href":"https:\/\/members-onlinemodule.sonoboomer.de\/wordpress\/wp-json\/wp\/v2\/pages\/750\/revisions"}],"predecessor-version":[{"id":1434,"href":"https:\/\/members-onlinemodule.sonoboomer.de\/wordpress\/wp-json\/wp\/v2\/pages\/750\/revisions\/1434"}],"wp:attachment":[{"href":"https:\/\/members-onlinemodule.sonoboomer.de\/wordpress\/wp-json\/wp\/v2\/media?parent=750"}],"curies":[{"name":"wp","href":"https:\/\/api.w.org\/{rel}","templated":true}]}}